{"id":2,"date":"2024-09-02T09:24:07","date_gmt":"2024-09-02T07:24:07","guid":{"rendered":"https:\/\/www.petrabraun.life\/?page_id=2"},"modified":"2024-09-14T13:36:46","modified_gmt":"2024-09-14T11:36:46","slug":"beispiel-seite","status":"publish","type":"page","link":"https:\/\/www.petrabraun.life\/index.php\/beispiel-seite\/","title":{"rendered":"\u00dcber Petra"},"content":{"rendered":"\t\t<div data-elementor-type=\"wp-page\" data-elementor-id=\"2\" class=\"elementor elementor-2\">\n\t\t\t\t<div class=\"elementor-element elementor-element-1c3b850b e-flex e-con-boxed wpr-particle-no wpr-jarallax-no wpr-parallax-no wpr-sticky-section-no e-con e-parent\" data-id=\"1c3b850b\" data-element_type=\"container\">\n\t\t\t\t\t<div class=\"e-con-inner\">\n\t\t\t\t<div class=\"elementor-element elementor-element-3913c313 elementor-widget elementor-widget-text-editor\" data-id=\"3913c313\" data-element_type=\"widget\" data-widget_type=\"text-editor.default\">\n\t\t\t\t<div class=\"elementor-widget-container\">\n\t\t\t\t\t\t\t<!-- wp:paragraph -->\n<p>\u00a0<\/p>\n<p>\u201ePetra ist der Fels in der Brandung.\u201c, \u201cMit ihr kannst Du Pferde stehlen!\u201c oder \u201eSie ist einfach ein Herzensmensch!\u201c \u2013 sagen andere \u00fcber sie.<br \/><br \/><\/p>\n<p><img fetchpriority=\"high\" decoding=\"async\" class=\"alignnone wp-image-75\" src=\"https:\/\/www.petrabraun.life\/wp-content\/uploads\/2024\/09\/IMG_2311-768x1024.jpeg\" alt=\"\" width=\"315\" height=\"420\" srcset=\"https:\/\/www.petrabraun.life\/wp-content\/uploads\/2024\/09\/IMG_2311-768x1024.jpeg 768w, https:\/\/www.petrabraun.life\/wp-content\/uploads\/2024\/09\/IMG_2311-225x300.jpeg 225w, https:\/\/www.petrabraun.life\/wp-content\/uploads\/2024\/09\/IMG_2311-1152x1536.jpeg 1152w, https:\/\/www.petrabraun.life\/wp-content\/uploads\/2024\/09\/IMG_2311-1536x2048.jpeg 1536w, https:\/\/www.petrabraun.life\/wp-content\/uploads\/2024\/09\/IMG_2311-scaled.jpeg 1920w\" sizes=\"(max-width: 315px) 100vw, 315px\" \/><\/p>\n<p><br \/>Authentisch, herzlich und kreativ auf Social Media sowie im wahren Leben.<\/p>\n<p>Petra ist wahrlich besonders! Warum?<\/p>\n<p>Sie geho\u0308rt zu den 20% der Menschen mit dem Perso\u0308nlichkeitsmerkmal \u201eHochsensibel\u201c. Bedeutet sie hat eine sehr sensible Wahrnehmung, hohe Empathie und nimmt viele Details und Emotionen wahr. Lange wusste Petra nichts davon und hat sich gewundert, dass Menschen nicht so versta\u0308ndnis- und ru\u0308cksichtsvoll sind wie sie.<\/p>\n<p>\u00a0<\/p>\n<p>Darum hat Petra es sich zur Aufgabe gemacht, das Thema Hochsensibilit\u00e4t bekannt zu machen und Menschen mit diesem Merkmal in Ihren Talenten zu sta\u0308rken.<\/p>\n<p>\u201eHochsensibilita\u0308t ist eine Gabe, keine Krankheit. Im richtigen Rahmen blu\u0308hen hochsensible auf und bringen einen unersetzlichen Mehrwert fu\u0308r ihr Umfeld.\u201c<\/p>\n<p>\u00a0<\/p>\n<p>Aufgewachsen als \u201eSandwich-Kind\u201c ging der Urlaub nicht in die Ferne, sondern mit dem Zelt ins benachbarte Bundesland: Bostalsee statt Meeresrauschen.<\/p>\n<p>\u00a0<\/p>\n<p>Schon fr\u00fch musste sie Verantwortung \u00fcbernehmen, denn ihr Vater und beide Br\u00fcder litten unter Epilepsie.<\/p>\n<p>Petras \u00e4lterer Bruder verungl\u00fcckte t\u00f6dlich auf dem Schulweg, zweieinhalb Jahre sp\u00e4ter starb ihr Vater in Folge eines epileptischen Anfalls.<\/p>\n<p>\u00a0<\/p>\n<p>Doch das hielt sie alles nicht auf und sie lebte ihr Leben:<\/p>\n<p>Mit Ihrer Showtanzgruppe wird sie Vize-Deutsche-, Vize-Rheinland-Pfalz-, Saarland- und Hessenmeister. Sie wirkte im Kinderbuch \u201eBoris, der Blubberblasenfisch\u201c mit und 2022 war sie als Kalendermodell im Jahreskalender von Fra\u0308ulein Kurvig zu sehen.<\/p>\n<p>\u00a0<\/p>\n<p>Nach 12 Jahren und u\u0308ber 1.100 Eventtagen in der Veranstaltungsbranche ist sie ein Organisations- und Improvisationstalent. Ihr ehemaliger Chef sagt: \u201eGeht nicht, gibts bei ihr nicht. Sie findet immer eine L\u00f6sung und ist dabei sympathisch frech!\u201c<\/p>\n<p>\u00a0<\/p>\n<p>Als Tourmanagerin hat sie den S\u00e4nger und Entertainer Tom Gaebel sowie mehrere Keynotespeaker und Spiegel Bestseller Autoren international begleitet.<\/p>\n<p>\u00a0<\/p>\n<p>Tobias Beck, den Spiegel Bestseller Autor und Top-Keynote Speaker, hat Petra als pers\u00f6nliche Assistentin \u00fcber Jahre zu allen Terminen begleitet. Ob TV-Auftritte, Radiointerviews, sein Tourformat oder Keynotes: Stehts stand Petra organisatorisch unterst\u00fctzend und mental st\u00e4rkend an seiner Seite.<\/p>\n<p>\u00a0<\/p>\n<p>Bei Veranstaltungen mit Sprechern wie dem Fu\u00dfballprofi Mario Basler, dem IRONMAN Slatco Sterzenbach, dem blonden Shaolin Marc Gassert, dem Wirtschaftswissenschaftler Dr. Bernd Raffelhu\u0308schen, Mulitunternehmer Carsten Maschmeyer und vielen mehr war Petra organisatorisch verantwortlich.<\/p>\n<p>\u00a0<\/p>\n<p>Zusammengefasst bringt Petra mit, was es in dieser Zeit braucht: Menschlichkeit, Empathie und die Liebe sich f\u00fcr etwas einzusetzen, was gr\u00f6\u00dfer ist als sie.\u00a0<\/p>\n<p>\u00a0<\/p>\n<p>Vom Landesministerium Rheinland-Pfalz bekam Sie eine Auszeichnung fu\u0308r besonders soziales Engagement.<\/p>\n<p>\u00a0<\/p>\n<p>Und genau das k\u00f6nnen sie von ihr erwarten: 100% Engagement f\u00fcr die Sache und die Menschen.<\/p>\n<p>\u00a0<\/p>\n<p>\u00a0<\/p>\n<p>\u00a0<\/p>\n<div class=\"wp-block-columns\">\n<div class=\"wp-block-column\" style=\"flex-basis: 50%;\"><!-- \/wp:paragraph --><\/div>\n<!-- \/wp:column --><!-- wp:column {\"width\":\"50%\"} -->\n<div class=\"wp-block-column\" style=\"flex-basis: 50%;\"><!-- wp:image {\"id\":75,\"sizeSlug\":\"large\",\"linkDestination\":\"none\"} -->\n<figure class=\"wp-block-image size-large\"><\/figure>\n<\/div>\n<\/div>\n<!-- \/wp:quote --><!-- wp:paragraph -->\n<p>\u00a0<\/p>\n<!-- \/wp:paragraph -->\t\t\t\t\t\t<\/div>\n\t\t\t\t<\/div>\n\t\t\t\t\t<\/div>\n\t\t\t\t<\/div>\n\t\t\t\t<\/div>\n\t\t","protected":false},"excerpt":{"rendered":"<p>&nbsp; \u201ePetra ist der Fels in der Brandung.\u201c, \u201cMit ihr kannst Du Pferde stehlen!\u201c oder \u201eSie ist einfach ein Herzensmensch!\u201c \u2013 sagen andere \u00fcber sie. Authentisch, herzlich und kreativ auf Social Media sowie im wahren Leben. Petra ist wahrlich besonders! Warum? Sie geho\u0308rt zu den 20% der Menschen mit dem Perso\u0308nlichkeitsmerkmal \u201eHochsensibel\u201c. Bedeutet sie hat eine sehr sensible Wahrnehmung, hohe Empathie und nimmt viele Details und Emotionen wahr. Lange wusste Petra nichts davon und hat sich gewundert, dass Menschen nicht so versta\u0308ndnis- und ru\u0308cksichtsvoll sind wie sie. &nbsp; Darum hat Petra es sich zur Aufgabe gemacht, das Thema Hochsensibilit\u00e4t bekannt zu machen und Menschen mit diesem Merkmal in Ihren Talenten zu sta\u0308rken. \u201eHochsensibilita\u0308t ist eine Gabe, keine Krankheit. Im richtigen Rahmen blu\u0308hen hochsensible auf und bringen einen unersetzlichen Mehrwert fu\u0308r ihr Umfeld.\u201c &nbsp; Aufgewachsen als \u201eSandwich-Kind\u201c ging der Urlaub nicht in die Ferne, sondern mit dem Zelt ins benachbarte Bundesland: Bostalsee statt Meeresrauschen. &nbsp; Schon fr\u00fch musste sie Verantwortung \u00fcbernehmen, denn ihr Vater und beide Br\u00fcder litten unter Epilepsie. Petras \u00e4lterer Bruder verungl\u00fcckte t\u00f6dlich auf dem Schulweg, zweieinhalb Jahre sp\u00e4ter starb ihr Vater in Folge eines epileptischen Anfalls. &nbsp; Doch das hielt sie alles nicht auf und sie lebte ihr Leben: Mit Ihrer Showtanzgruppe wird sie Vize-Deutsche-, Vize-Rheinland-Pfalz-, Saarland- und Hessenmeister. Sie wirkte im Kinderbuch \u201eBoris, der Blubberblasenfisch\u201c mit und 2022 war sie als Kalendermodell im Jahreskalender von Fra\u0308ulein Kurvig zu sehen. &nbsp; Nach 12 Jahren und u\u0308ber 1.100 Eventtagen in der Veranstaltungsbranche ist sie ein Organisations- und Improvisationstalent. Ihr ehemaliger Chef sagt: \u201eGeht nicht, gibts bei ihr nicht. Sie findet immer eine L\u00f6sung und ist dabei sympathisch frech!\u201c &nbsp; Als Tourmanagerin hat sie den S\u00e4nger und Entertainer Tom Gaebel sowie mehrere Keynotespeaker und Spiegel Bestseller Autoren international begleitet. &nbsp; Tobias Beck, den Spiegel Bestseller Autor und Top-Keynote Speaker, hat Petra als pers\u00f6nliche Assistentin \u00fcber Jahre zu allen Terminen begleitet. Ob TV-Auftritte, Radiointerviews, sein Tourformat oder Keynotes: Stehts stand Petra organisatorisch unterst\u00fctzend und mental st\u00e4rkend an seiner Seite. &nbsp; Bei Veranstaltungen mit Sprechern wie dem Fu\u00dfballprofi Mario Basler, dem IRONMAN Slatco Sterzenbach, dem blonden Shaolin Marc Gassert, dem Wirtschaftswissenschaftler Dr. Bernd Raffelhu\u0308schen, Mulitunternehmer Carsten Maschmeyer und vielen mehr war Petra organisatorisch verantwortlich. &nbsp; Zusammengefasst bringt Petra mit, was es in dieser Zeit braucht: Menschlichkeit, Empathie und die Liebe sich f\u00fcr etwas einzusetzen, was gr\u00f6\u00dfer ist als sie.&nbsp; &nbsp; Vom Landesministerium Rheinland-Pfalz bekam Sie eine Auszeichnung fu\u0308r besonders soziales Engagement. &nbsp; Und genau das k\u00f6nnen sie von ihr erwarten: 100% Engagement f\u00fcr die Sache und die Menschen. &nbsp; &nbsp; &nbsp;<\/p>\n","protected":false},"author":1,"featured_media":0,"parent":0,"menu_order":5,"comment_status":"closed","ping_status":"open","template":"","meta":{"iawp_total_views":188,"footnotes":""},"class_list":["post-2","page","type-page","status-publish","hentry"],"_links":{"self":[{"href":"https:\/\/www.petrabraun.life\/index.php\/wp-json\/wp\/v2\/pages\/2","targetHints":{"allow":["GET"]}}],"collection":[{"href":"https:\/\/www.petrabraun.life\/index.php\/wp-json\/wp\/v2\/pages"}],"about":[{"href":"https:\/\/www.petrabraun.life\/index.php\/wp-json\/wp\/v2\/types\/page"}],"author":[{"embeddable":true,"href":"https:\/\/www.petrabraun.life\/index.php\/wp-json\/wp\/v2\/users\/1"}],"replies":[{"embeddable":true,"href":"https:\/\/www.petrabraun.life\/index.php\/wp-json\/wp\/v2\/comments?post=2"}],"version-history":[{"count":13,"href":"https:\/\/www.petrabraun.life\/index.php\/wp-json\/wp\/v2\/pages\/2\/revisions"}],"predecessor-version":[{"id":164,"href":"https:\/\/www.petrabraun.life\/index.php\/wp-json\/wp\/v2\/pages\/2\/revisions\/164"}],"wp:attachment":[{"href":"https:\/\/www.petrabraun.life\/index.php\/wp-json\/wp\/v2\/media?parent=2"}],"curies":[{"name":"wp","href":"https:\/\/api.w.org\/{rel}","templated":true}]}}